{"id":6341,"date":"2024-09-04T11:33:47","date_gmt":"2024-09-04T10:33:47","guid":{"rendered":"https:\/\/matgroup.com\/index.php\/m-clima-workwear"},"modified":"2024-09-06T13:07:31","modified_gmt":"2024-09-06T12:07:31","slug":"m-clima-workwear","status":"publish","type":"page","link":"https:\/\/matgroup.com\/index.php\/m-clima-workwear?lang=ca","title":{"rendered":"M-CLIMA Workwear"},"content":{"rendered":"<p>[vc_row css_animation=&#8221;&#8221; row_type=&#8221;row&#8221; use_row_as_full_screen_section=&#8221;no&#8221; type=&#8221;grid&#8221; angled_section=&#8221;no&#8221; text_align=&#8221;left&#8221; background_image_as_pattern=&#8221;without_pattern&#8221; css=&#8221;.vc_custom_1725519829230{margin-top: 5% !important;}&#8221; z_index=&#8221;&#8221;][vc_column][vc_column_text css=&#8221;.vc_custom_1725623830340{margin-bottom: 2% !important;}&#8221;]<\/p>\n<h1 style=\"text-align: center; color: #002e3d;\">La soluci\u00f3 definitiva per a la gesti\u00f3 personal del clima que redueix significativament l&#8217;estr\u00e8s per calor i proporciona un confort i capacitat de concetrar-se incomparables<\/h1>\n<p>[\/vc_column_text][vc_separator type=&#8221;small&#8221; position=&#8221;center&#8221; color=&#8221;#002732&#8243; thickness=&#8221;3&#8243; width=&#8221;50&#8243;][\/vc_column][\/vc_row][vc_row css_animation=&#8221;&#8221; row_type=&#8221;row&#8221; use_row_as_full_screen_section=&#8221;no&#8221; type=&#8221;full_width&#8221; angled_section=&#8221;no&#8221; text_align=&#8221;left&#8221; background_image_as_pattern=&#8221;without_pattern&#8221;][vc_column][vc_empty_space height=&#8221;40px&#8221;][\/vc_column][\/vc_row][vc_row css_animation=&#8221;&#8221; row_type=&#8221;row&#8221; use_row_as_full_screen_section=&#8221;no&#8221; type=&#8221;grid&#8221; angled_section=&#8221;no&#8221; text_align=&#8221;left&#8221; background_image_as_pattern=&#8221;without_pattern&#8221; z_index=&#8221;&#8221;][vc_column width=&#8221;1\/4&#8243;][vc_single_image image=&#8221;6227&#8243; img_size=&#8221;full&#8221; alignment=&#8221;center&#8221; qode_css_animation=&#8221;&#8221;][\/vc_column][vc_column width=&#8221;3\/4&#8243;][vc_empty_space height=&#8221;80px&#8221;][vc_column_text]La recerca i la pr\u00e0ctica comuna mostren que l&#8217;estr\u00e8s per calor t\u00e9 un efecte perjudicial en el benestar, el rendiment i l&#8217;efici\u00e8ncia dels equips de treball.<br \/>\nPer a mantenir al personal c\u00f2mode, efectiu i eficient en la seva activitat, M-CLIMA\u00ae Workwear utilitza un nivell prec\u00eds de flux d&#8217;aire convectiu turbulent i panells de calefacci\u00f3 conductius per a mantenir a l&#8217;individu en un estat de confort perfectament equilibrat.[\/vc_column_text][\/vc_column][\/vc_row][vc_row css_animation=&#8221;&#8221; row_type=&#8221;row&#8221; use_row_as_full_screen_section=&#8221;no&#8221; type=&#8221;full_width&#8221; angled_section=&#8221;no&#8221; text_align=&#8221;left&#8221; background_image_as_pattern=&#8221;without_pattern&#8221;][vc_column][vc_empty_space height=&#8221;40px&#8221;][\/vc_column][\/vc_row][vc_row css_animation=&#8221;&#8221; row_type=&#8221;row&#8221; use_row_as_full_screen_section=&#8221;no&#8221; type=&#8221;grid&#8221; angled_section=&#8221;no&#8221; text_align=&#8221;left&#8221; background_image_as_pattern=&#8221;without_pattern&#8221; z_index=&#8221;&#8221;][vc_column][vc_column_text]<\/p>\n<p style=\"color: #000; font-size: 150%; line-height: 155%; font-family: montserrat; text-align: center;\">Dissenyat per a ser vers\u00e0til i satisfer les necessitats dels equips de treball en molts sectors i ind\u00fastries<\/p>\n<p>[\/vc_column_text][\/vc_column][\/vc_row][vc_row css_animation=&#8221;&#8221; row_type=&#8221;row&#8221; use_row_as_full_screen_section=&#8221;no&#8221; type=&#8221;full_width&#8221; angled_section=&#8221;no&#8221; text_align=&#8221;left&#8221; background_image_as_pattern=&#8221;without_pattern&#8221;][vc_column][vc_empty_space height=&#8221;40px&#8221;][\/vc_column][\/vc_row][vc_row css_animation=&#8221;&#8221; row_type=&#8221;row&#8221; use_row_as_full_screen_section=&#8221;no&#8221; type=&#8221;grid&#8221; angled_section=&#8221;no&#8221; text_align=&#8221;left&#8221; background_image_as_pattern=&#8221;without_pattern&#8221; z_index=&#8221;&#8221;][vc_column width=&#8221;1\/4&#8243;][vc_single_image image=&#8221;6297&#8243; img_size=&#8221;full&#8221; alignment=&#8221;center&#8221; qode_css_animation=&#8221;&#8221; css=&#8221;.vc_custom_1725619053894{padding-bottom: 20px !important;}&#8221;][vc_column_text]<\/p>\n<p style=\"color: #000; font-size: 150%; line-height: 155%; font-family: montserrat; text-align: center;\">Confort i benestar<\/p>\n<p>M-CLIMA\u00ae Workwear mant\u00e9 a l&#8217;usuari en un estat equilibrat, lliure de distraccions durant activitats industrials llargues i laborioses. Els sistemes M-CLIMA\u00ae tenen un disseny minimalista per a ser usats c\u00f2modament com una capa interm\u00e8dia.[\/vc_column_text][\/vc_column][vc_column width=&#8221;1\/4&#8243;][vc_single_image image=&#8221;6316&#8243; img_size=&#8221;full&#8221; alignment=&#8221;center&#8221; qode_css_animation=&#8221;&#8221; css=&#8221;.vc_custom_1725619892174{padding-bottom: 20px !important;}&#8221;][vc_column_text]<\/p>\n<p style=\"color: #000; font-size: 150%; line-height: 155%; font-family: montserrat; text-align: center;\">Lleugeresa<\/p>\n<p>M-CLIMA\u00ae Workwear est\u00e0 dissenyat per a minimitzar el pes i optimitzar el confort ergon\u00f2mic i sensorial. Totes les teles utilitzades en M-CLIMA\u00ae Workwear proporcionen un alt nivell de transpirabilitat.[\/vc_column_text][\/vc_column][vc_column width=&#8221;1\/4&#8243;][vc_single_image image=&#8221;6301&#8243; img_size=&#8221;full&#8221; alignment=&#8221;center&#8221; qode_css_animation=&#8221;&#8221; css=&#8221;.vc_custom_1725619902946{padding-bottom: 20px !important;}&#8221;][vc_column_text]<\/p>\n<p style=\"color: #000; font-size: 150%; line-height: 155%; font-family: montserrat; text-align: center;\">Versatilitat<\/p>\n<p>Els sistemes M-CLIMA\u00ae Workwear estan dissenyats per a oferir funcionalitat tant amb cable com sense cable. La durada de funcionament es pot estendre amb bateries recarregables addicionals d&#8217;i\u00f3 de liti.[\/vc_column_text][\/vc_column][vc_column width=&#8221;1\/4&#8243;][vc_single_image image=&#8221;6310&#8243; img_size=&#8221;full&#8221; alignment=&#8221;center&#8221; qode_css_animation=&#8221;&#8221; css=&#8221;.vc_custom_1725619917928{padding-bottom: 20px !important;}&#8221;][vc_column_text]<\/p>\n<p style=\"color: #000; font-size: 150%; line-height: 155%; font-family: montserrat; text-align: center;\">Estalvi d&#8217;energia<\/p>\n<p>Reducci\u00f3 del cost energ\u00e8tic a trav\u00e9s de la gesti\u00f3 localitzada del confort dels equips de treball.<\/p>\n<p>[\/vc_column_text][\/vc_column][\/vc_row][vc_row css_animation=&#8221;&#8221; row_type=&#8221;row&#8221; use_row_as_full_screen_section=&#8221;no&#8221; type=&#8221;full_width&#8221; angled_section=&#8221;no&#8221; text_align=&#8221;left&#8221; background_image_as_pattern=&#8221;without_pattern&#8221;][vc_column][vc_empty_space height=&#8221;40px&#8221;][\/vc_column][\/vc_row][vc_row css_animation=&#8221;&#8221; row_type=&#8221;row&#8221; use_row_as_full_screen_section=&#8221;no&#8221; type=&#8221;grid&#8221; angled_section=&#8221;no&#8221; text_align=&#8221;left&#8221; background_image_as_pattern=&#8221;without_pattern&#8221; z_index=&#8221;&#8221;][vc_column width=&#8221;1\/4&#8243;][vc_single_image image=&#8221;6313&#8243; img_size=&#8221;full&#8221; alignment=&#8221;center&#8221; qode_css_animation=&#8221;&#8221; css=&#8221;.vc_custom_1725619931148{padding-bottom: 20px !important;}&#8221;][vc_column_text]<\/p>\n<p style=\"color: #000; font-size: 150%; line-height: 155%; font-family: montserrat; text-align: center;\">Millor capacitat de concentraci\u00f3 i efectivitat<\/p>\n<p>Un estat de confort equilibrat millora el benestar f\u00edsic i mental, redueix l&#8217;estr\u00e8s i augmenta la concentraci\u00f3 en l&#8217;activitat. Aix\u00f2 resulta en una millor qualitat, reduint els errors causats per la distracci\u00f3 del malestar.[\/vc_column_text][\/vc_column][vc_column width=&#8221;1\/4&#8243;][vc_single_image image=&#8221;6307&#8243; img_size=&#8221;full&#8221; alignment=&#8221;center&#8221; qode_css_animation=&#8221;&#8221; css=&#8221;.vc_custom_1725619940999{padding-bottom: 20px !important;}&#8221;][vc_column_text]<\/p>\n<p style=\"color: #000; font-size: 150%; line-height: 155%; font-family: montserrat; text-align: center;\">Major efici\u00e8ncia<\/p>\n<p>Amb M-CLIMA\u00ae Workwear, l&#8217;efici\u00e8ncia dels equips de treball s&#8217;incrementa en reduir la necessitat de pauses per confort. A m\u00e9s, es poden reduir els costos energ\u00e8tics en localitzar la gesti\u00f3 del confort.<\/p>\n<p>[\/vc_column_text][\/vc_column][vc_column width=&#8221;1\/4&#8243;][vc_single_image image=&#8221;6304&#8243; img_size=&#8221;full&#8221; alignment=&#8221;center&#8221; qode_css_animation=&#8221;&#8221; css=&#8221;.vc_custom_1725619952508{padding-bottom: 20px !important;}&#8221;][vc_column_text]<\/p>\n<p style=\"color: #000; font-size: 150%; line-height: 155%; font-family: montserrat; text-align: center;\">F\u00e0cil cuidat<\/p>\n<p>Les armilles M-CLIMA\u00ae Workwear es poden rentar a m\u00e0quina a 40 \u00b0C \/ 104 \u00b0F amb un detergent suau i assecar a l&#8217;aire.<\/p>\n<p>[\/vc_column_text][\/vc_column][vc_column width=&#8221;1\/4&#8243;][vc_single_image image=&#8221;6319&#8243; img_size=&#8221;full&#8221; alignment=&#8221;center&#8221; qode_css_animation=&#8221;&#8221; css=&#8221;.vc_custom_1725619962725{padding-bottom: 20px !important;}&#8221;][vc_column_text]<\/p>\n<p style=\"color: #000; font-size: 150%; line-height: 155%; font-family: montserrat; text-align: center;\">Control remot<\/p>\n<p>F\u00e0cil d&#8217;usar. Simplement activi o desactivi el fred o calor immediata amb el control remot incl\u00f2s.<\/p>\n<p>[\/vc_column_text][\/vc_column][\/vc_row][vc_row css_animation=&#8221;&#8221; row_type=&#8221;row&#8221; use_row_as_full_screen_section=&#8221;no&#8221; type=&#8221;full_width&#8221; angled_section=&#8221;no&#8221; text_align=&#8221;left&#8221; background_image_as_pattern=&#8221;without_pattern&#8221;][vc_column][vc_empty_space height=&#8221;60px&#8221;][\/vc_column][\/vc_row][vc_row css_animation=&#8221;&#8221; row_type=&#8221;row&#8221; use_row_as_full_screen_section=&#8221;no&#8221; type=&#8221;grid&#8221; angled_section=&#8221;no&#8221; text_align=&#8221;left&#8221; background_image_as_pattern=&#8221;without_pattern&#8221; css=&#8221;.vc_custom_1725450487597{padding-top: 30px !important;padding-bottom: 30px !important;background-color: #f7f6f4 !important;}&#8221; z_index=&#8221;&#8221;][vc_column width=&#8221;1\/4&#8243;][vc_single_image image=&#8221;6218&#8243; img_size=&#8221;medium&#8221; alignment=&#8221;right&#8221; qode_css_animation=&#8221;&#8221;][\/vc_column][vc_column width=&#8221;3\/4&#8243;][vc_empty_space height=&#8221;65px&#8221;][vc_column_text]<span style=\"font-size: 16px; line-height: 24px;\"><strong>MAT GROUP\u2122 guanya el Premi World of Safety &amp; Health \u00c0sia Award 2024 en la categoria de Seguretat i Salut per la seva tecnologia M-CLIMA\u00ae Workwear<\/strong><\/span><\/p>\n<p>&nbsp;<\/p>\n<p><span style=\"font-size: 16px; line-height: 24px;\">Aquest premi destaca la nostra dedicaci\u00f3 a millorar la seguretat i salut en el lloc de treball amb solucions innovadores i subratlla el nostre lideratge en la ind\u00fastria amb tecnologia que t\u00e9 impacte real.<\/span>[\/vc_column_text][\/vc_column][\/vc_row][vc_row css_animation=&#8221;&#8221; row_type=&#8221;row&#8221; use_row_as_full_screen_section=&#8221;no&#8221; type=&#8221;full_width&#8221; angled_section=&#8221;no&#8221; text_align=&#8221;left&#8221; background_image_as_pattern=&#8221;without_pattern&#8221;][vc_column][vc_empty_space height=&#8221;40px&#8221;][\/vc_column][\/vc_row]<\/p>\n","protected":false},"excerpt":{"rendered":"<p>[vc_row css_animation=&#8221;&#8221; row_type=&#8221;row&#8221; use_row_as_full_screen_section=&#8221;no&#8221; type=&#8221;grid&#8221; angled_section=&#8221;no&#8221; text_align=&#8221;left&#8221; background_image_as_pattern=&#8221;without_pattern&#8221; css=&#8221;.vc_custom_1725519829230{margin-top: 5% !important;}&#8221; z_index=&#8221;&#8221;][vc_column][vc_column_text css=&#8221;.vc_custom_1725623830340{margin-bottom: 2% !important;}&#8221;] La soluci\u00f3 definitiva per a la gesti\u00f3 personal del clima que redueix significativament l&#8217;estr\u00e8s per calor i proporciona un confort i capacitat de concetrar-se incomparables [\/vc_column_text][vc_separator type=&#8221;small&#8221; position=&#8221;center&#8221; color=&#8221;#002732&#8243; thickness=&#8221;3&#8243;&#8230;<\/p>\n","protected":false},"author":1,"featured_media":0,"parent":0,"menu_order":0,"comment_status":"closed","ping_status":"closed","template":"full_width.php","meta":{"footnotes":""},"class_list":["post-6341","page","type-page","status-publish","hentry"],"aioseo_notices":[],"_links":{"self":[{"href":"https:\/\/matgroup.com\/index.php\/wp-json\/wp\/v2\/pages\/6341","targetHints":{"allow":["GET"]}}],"collection":[{"href":"https:\/\/matgroup.com\/index.php\/wp-json\/wp\/v2\/pages"}],"about":[{"href":"https:\/\/matgroup.com\/index.php\/wp-json\/wp\/v2\/types\/page"}],"author":[{"embeddable":true,"href":"https:\/\/matgroup.com\/index.php\/wp-json\/wp\/v2\/users\/1"}],"replies":[{"embeddable":true,"href":"https:\/\/matgroup.com\/index.php\/wp-json\/wp\/v2\/comments?post=6341"}],"version-history":[{"count":3,"href":"https:\/\/matgroup.com\/index.php\/wp-json\/wp\/v2\/pages\/6341\/revisions"}],"predecessor-version":[{"id":6348,"href":"https:\/\/matgroup.com\/index.php\/wp-json\/wp\/v2\/pages\/6341\/revisions\/6348"}],"wp:attachment":[{"href":"https:\/\/matgroup.com\/index.php\/wp-json\/wp\/v2\/media?parent=6341"}],"curies":[{"name":"wp","href":"https:\/\/api.w.org\/{rel}","templated":true}]}}

<p>[vc_row css_animation=&#8221;&#8221; row_type=&#8221;row&#8221; use_row_as_full_screen_section=&#8221;no&#8221; type=&#8221;grid&#8221; angled_section=&#8221;no&#8221; text_align=&#8221;left&#8221; background_image_as_pattern=&#8221;without_pattern&#8221; css=&#8221;.vc_custom_1725519829230{margin-top: 5% !important;}&#8221; z_index=&#8221;&#8221;][vc_column][vc_column_text css=&#8221;.vc_custom_1725623830340{margin-bottom: 2% !important;}&#8221;]</p>
<h1 style="text-align: center; color: #002e3d;">La solució definitiva per a la gestió personal del clima que redueix significativament l&#8217;estrès per calor i proporciona un confort i capacitat de concetrar-se incomparables</h1>
<p>[/vc_column_text][vc_separator type=&#8221;small&#8221; position=&#8221;center&#8221; color=&#8221;#002732&#8243; thickness=&#8221;3&#8243; width=&#8221;50&#8243;][/vc_column][/vc_row][vc_row css_animation=&#8221;&#8221; row_type=&#8221;row&#8221; use_row_as_full_screen_section=&#8221;no&#8221; type=&#8221;full_width&#8221; angled_section=&#8221;no&#8221; text_align=&#8221;left&#8221; background_image_as_pattern=&#8221;without_pattern&#8221;][vc_column][vc_empty_space height=&#8221;40px&#8221;][/vc_column][/vc_row][vc_row css_animation=&#8221;&#8221; row_type=&#8221;row&#8221; use_row_as_full_screen_section=&#8221;no&#8221; type=&#8221;grid&#8221; angled_section=&#8221;no&#8221; text_align=&#8221;left&#8221; background_image_as_pattern=&#8221;without_pattern&#8221; z_index=&#8221;&#8221;][vc_column width=&#8221;1/4&#8243;][vc_single_image image=&#8221;6227&#8243; img_size=&#8221;full&#8221; alignment=&#8221;center&#8221; qode_css_animation=&#8221;&#8221;][/vc_column][vc_column width=&#8221;3/4&#8243;][vc_empty_space height=&#8221;80px&#8221;][vc_column_text]La recerca i la pràctica comuna mostren que l&#8217;estrès per calor té un efecte perjudicial en el benestar, el rendiment i l&#8217;eficiència dels equips de treball.<br />
Per a mantenir al personal còmode, efectiu i eficient en la seva activitat, M-CLIMA® Workwear utilitza un nivell precís de flux d&#8217;aire convectiu turbulent i panells de calefacció conductius per a mantenir a l&#8217;individu en un estat de confort perfectament equilibrat.[/vc_column_text][/vc_column][/vc_row][vc_row css_animation=&#8221;&#8221; row_type=&#8221;row&#8221; use_row_as_full_screen_section=&#8221;no&#8221; type=&#8221;full_width&#8221; angled_section=&#8221;no&#8221; text_align=&#8221;left&#8221; background_image_as_pattern=&#8221;without_pattern&#8221;][vc_column][vc_empty_space height=&#8221;40px&#8221;][/vc_column][/vc_row][vc_row css_animation=&#8221;&#8221; row_type=&#8221;row&#8221; use_row_as_full_screen_section=&#8221;no&#8221; type=&#8221;grid&#8221; angled_section=&#8221;no&#8221; text_align=&#8221;left&#8221; background_image_as_pattern=&#8221;without_pattern&#8221; z_index=&#8221;&#8221;][vc_column][vc_column_text]</p>
<p style="color: #000; font-size: 150%; line-height: 155%; font-family: montserrat; text-align: center;">Dissenyat per a ser versàtil i satisfer les necessitats dels equips de treball en molts sectors i indústries</p>
<p>[/vc_column_text][/vc_column][/vc_row][vc_row css_animation=&#8221;&#8221; row_type=&#8221;row&#8221; use_row_as_full_screen_section=&#8221;no&#8221; type=&#8221;full_width&#8221; angled_section=&#8221;no&#8221; text_align=&#8221;left&#8221; background_image_as_pattern=&#8221;without_pattern&#8221;][vc_column][vc_empty_space height=&#8221;40px&#8221;][/vc_column][/vc_row][vc_row css_animation=&#8221;&#8221; row_type=&#8221;row&#8221; use_row_as_full_screen_section=&#8221;no&#8221; type=&#8221;grid&#8221; angled_section=&#8221;no&#8221; text_align=&#8221;left&#8221; background_image_as_pattern=&#8221;without_pattern&#8221; z_index=&#8221;&#8221;][vc_column width=&#8221;1/4&#8243;][vc_single_image image=&#8221;6297&#8243; img_size=&#8221;full&#8221; alignment=&#8221;center&#8221; qode_css_animation=&#8221;&#8221; css=&#8221;.vc_custom_1725619053894{padding-bottom: 20px !important;}&#8221;][vc_column_text]</p>
<p style="color: #000; font-size: 150%; line-height: 155%; font-family: montserrat; text-align: center;">Confort i benestar</p>
<p>M-CLIMA® Workwear manté a l&#8217;usuari en un estat equilibrat, lliure de distraccions durant activitats industrials llargues i laborioses. Els sistemes M-CLIMA® tenen un disseny minimalista per a ser usats còmodament com una capa intermèdia.[/vc_column_text][/vc_column][vc_column width=&#8221;1/4&#8243;][vc_single_image image=&#8221;6316&#8243; img_size=&#8221;full&#8221; alignment=&#8221;center&#8221; qode_css_animation=&#8221;&#8221; css=&#8221;.vc_custom_1725619892174{padding-bottom: 20px !important;}&#8221;][vc_column_text]</p>
<p style="color: #000; font-size: 150%; line-height: 155%; font-family: montserrat; text-align: center;">Lleugeresa</p>
<p>M-CLIMA® Workwear està dissenyat per a minimitzar el pes i optimitzar el confort ergonòmic i sensorial. Totes les teles utilitzades en M-CLIMA® Workwear proporcionen un alt nivell de transpirabilitat.[/vc_column_text][/vc_column][vc_column width=&#8221;1/4&#8243;][vc_single_image image=&#8221;6301&#8243; img_size=&#8221;full&#8221; alignment=&#8221;center&#8221; qode_css_animation=&#8221;&#8221; css=&#8221;.vc_custom_1725619902946{padding-bottom: 20px !important;}&#8221;][vc_column_text]</p>
<p style="color: #000; font-size: 150%; line-height: 155%; font-family: montserrat; text-align: center;">Versatilitat</p>
<p>Els sistemes M-CLIMA® Workwear estan dissenyats per a oferir funcionalitat tant amb cable com sense cable. La durada de funcionament es pot estendre amb bateries recarregables addicionals d&#8217;ió de liti.[/vc_column_text][/vc_column][vc_column width=&#8221;1/4&#8243;][vc_single_image image=&#8221;6310&#8243; img_size=&#8221;full&#8221; alignment=&#8221;center&#8221; qode_css_animation=&#8221;&#8221; css=&#8221;.vc_custom_1725619917928{padding-bottom: 20px !important;}&#8221;][vc_column_text]</p>
<p style="color: #000; font-size: 150%; line-height: 155%; font-family: montserrat; text-align: center;">Estalvi d&#8217;energia</p>
<p>Reducció del cost energètic a través de la gestió localitzada del confort dels equips de treball.</p>
<p>[/vc_column_text][/vc_column][/vc_row][vc_row css_animation=&#8221;&#8221; row_type=&#8221;row&#8221; use_row_as_full_screen_section=&#8221;no&#8221; type=&#8221;full_width&#8221; angled_section=&#8221;no&#8221; text_align=&#8221;left&#8221; background_image_as_pattern=&#8221;without_pattern&#8221;][vc_column][vc_empty_space height=&#8221;40px&#8221;][/vc_column][/vc_row][vc_row css_animation=&#8221;&#8221; row_type=&#8221;row&#8221; use_row_as_full_screen_section=&#8221;no&#8221; type=&#8221;grid&#8221; angled_section=&#8221;no&#8221; text_align=&#8221;left&#8221; background_image_as_pattern=&#8221;without_pattern&#8221; z_index=&#8221;&#8221;][vc_column width=&#8221;1/4&#8243;][vc_single_image image=&#8221;6313&#8243; img_size=&#8221;full&#8221; alignment=&#8221;center&#8221; qode_css_animation=&#8221;&#8221; css=&#8221;.vc_custom_1725619931148{padding-bottom: 20px !important;}&#8221;][vc_column_text]</p>
<p style="color: #000; font-size: 150%; line-height: 155%; font-family: montserrat; text-align: center;">Millor capacitat de concentració i efectivitat</p>
<p>Un estat de confort equilibrat millora el benestar físic i mental, redueix l&#8217;estrès i augmenta la concentració en l&#8217;activitat. Això resulta en una millor qualitat, reduint els errors causats per la distracció del malestar.[/vc_column_text][/vc_column][vc_column width=&#8221;1/4&#8243;][vc_single_image image=&#8221;6307&#8243; img_size=&#8221;full&#8221; alignment=&#8221;center&#8221; qode_css_animation=&#8221;&#8221; css=&#8221;.vc_custom_1725619940999{padding-bottom: 20px !important;}&#8221;][vc_column_text]</p>
<p style="color: #000; font-size: 150%; line-height: 155%; font-family: montserrat; text-align: center;">Major eficiència</p>
<p>Amb M-CLIMA® Workwear, l&#8217;eficiència dels equips de treball s&#8217;incrementa en reduir la necessitat de pauses per confort. A més, es poden reduir els costos energètics en localitzar la gestió del confort.</p>
<p>[/vc_column_text][/vc_column][vc_column width=&#8221;1/4&#8243;][vc_single_image image=&#8221;6304&#8243; img_size=&#8221;full&#8221; alignment=&#8221;center&#8221; qode_css_animation=&#8221;&#8221; css=&#8221;.vc_custom_1725619952508{padding-bottom: 20px !important;}&#8221;][vc_column_text]</p>
<p style="color: #000; font-size: 150%; line-height: 155%; font-family: montserrat; text-align: center;">Fàcil cuidat</p>
<p>Les armilles M-CLIMA® Workwear es poden rentar a màquina a 40 °C / 104 °F amb un detergent suau i assecar a l&#8217;aire.</p>
<p>[/vc_column_text][/vc_column][vc_column width=&#8221;1/4&#8243;][vc_single_image image=&#8221;6319&#8243; img_size=&#8221;full&#8221; alignment=&#8221;center&#8221; qode_css_animation=&#8221;&#8221; css=&#8221;.vc_custom_1725619962725{padding-bottom: 20px !important;}&#8221;][vc_column_text]</p>
<p style="color: #000; font-size: 150%; line-height: 155%; font-family: montserrat; text-align: center;">Control remot</p>
<p>Fàcil d&#8217;usar. Simplement activi o desactivi el fred o calor immediata amb el control remot inclòs.</p>
<p>[/vc_column_text][/vc_column][/vc_row][vc_row css_animation=&#8221;&#8221; row_type=&#8221;row&#8221; use_row_as_full_screen_section=&#8221;no&#8221; type=&#8221;full_width&#8221; angled_section=&#8221;no&#8221; text_align=&#8221;left&#8221; background_image_as_pattern=&#8221;without_pattern&#8221;][vc_column][vc_empty_space height=&#8221;60px&#8221;][/vc_column][/vc_row][vc_row css_animation=&#8221;&#8221; row_type=&#8221;row&#8221; use_row_as_full_screen_section=&#8221;no&#8221; type=&#8221;grid&#8221; angled_section=&#8221;no&#8221; text_align=&#8221;left&#8221; background_image_as_pattern=&#8221;without_pattern&#8221; css=&#8221;.vc_custom_1725450487597{padding-top: 30px !important;padding-bottom: 30px !important;background-color: #f7f6f4 !important;}&#8221; z_index=&#8221;&#8221;][vc_column width=&#8221;1/4&#8243;][vc_single_image image=&#8221;6218&#8243; img_size=&#8221;medium&#8221; alignment=&#8221;right&#8221; qode_css_animation=&#8221;&#8221;][/vc_column][vc_column width=&#8221;3/4&#8243;][vc_empty_space height=&#8221;65px&#8221;][vc_column_text]<span style="font-size: 16px; line-height: 24px;"><strong>MAT GROUP™ guanya el Premi World of Safety &amp; Health Àsia Award 2024 en la categoria de Seguretat i Salut per la seva tecnologia M-CLIMA® Workwear</strong></span></p>
<p>&nbsp;</p>
<p><span style="font-size: 16px; line-height: 24px;">Aquest premi destaca la nostra dedicació a millorar la seguretat i salut en el lloc de treball amb solucions innovadores i subratlla el nostre lideratge en la indústria amb tecnologia que té impacte real.</span>[/vc_column_text][/vc_column][/vc_row][vc_row css_animation=&#8221;&#8221; row_type=&#8221;row&#8221; use_row_as_full_screen_section=&#8221;no&#8221; type=&#8221;full_width&#8221; angled_section=&#8221;no&#8221; text_align=&#8221;left&#8221; background_image_as_pattern=&#8221;without_pattern&#8221;][vc_column][vc_empty_space height=&#8221;40px&#8221;][/vc_column][/vc_row]</p>

<p>[vc_row css_animation=&#8221;&#8221; row_type=&#8221;row&#8221; use_row_as_full_screen_section=&#8221;no&#8221; type=&#8221;grid&#8221; angled_section=&#8221;no&#8221; text_align=&#8221;left&#8221; background_image_as_pattern=&#8221;without_pattern&#8221; css=&#8221;.vc_custom_1725519829230{margin-top: 5% !important;}&#8221; z_index=&#8221;&#8221;][vc_column][vc_column_text css=&#8221;.vc_custom_1725623830340{margin-bottom: 2% !important;}&#8221;] La solució definitiva per a la gestió personal del clima que redueix significativament l&#8217;estrès per calor i proporciona un confort i capacitat de concetrar-se incomparables [/vc_column_text][vc_separator type=&#8221;small&#8221; position=&#8221;center&#8221; color=&#8221;#002732&#8243; thickness=&#8221;3&#8243;&#8230;</p>
