{"id":6342,"date":"2024-09-04T11:33:47","date_gmt":"2024-09-04T10:33:47","guid":{"rendered":"https:\/\/matgroup.com\/index.php\/m-clima-workwear"},"modified":"2024-09-06T12:54:19","modified_gmt":"2024-09-06T11:54:19","slug":"m-clima-workwear","status":"publish","type":"page","link":"https:\/\/matgroup.com\/index.php\/m-clima-workwear?lang=es","title":{"rendered":"M-CLIMA Workwear"},"content":{"rendered":"<p>[vc_row css_animation=&#8221;&#8221; row_type=&#8221;row&#8221; use_row_as_full_screen_section=&#8221;no&#8221; type=&#8221;grid&#8221; angled_section=&#8221;no&#8221; text_align=&#8221;left&#8221; background_image_as_pattern=&#8221;without_pattern&#8221; css=&#8221;.vc_custom_1725519829230{margin-top: 5% !important;}&#8221; z_index=&#8221;&#8221;][vc_column][vc_column_text css=&#8221;.vc_custom_1725623178601{margin-bottom: 2% !important;}&#8221;]<\/p>\n<h1 style=\"text-align: center; color: #002e3d;\">La soluci\u00f3n definitiva para la gesti\u00f3n personal del clima que reduce significativamente el estr\u00e9s por calor y proporciona un confort y capacidad de concentraci\u00f3n incomparables.<\/h1>\n<p>[\/vc_column_text][vc_separator type=&#8221;small&#8221; position=&#8221;center&#8221; color=&#8221;#002732&#8243; thickness=&#8221;3&#8243; width=&#8221;50&#8243;][\/vc_column][\/vc_row][vc_row css_animation=&#8221;&#8221; row_type=&#8221;row&#8221; use_row_as_full_screen_section=&#8221;no&#8221; type=&#8221;full_width&#8221; angled_section=&#8221;no&#8221; text_align=&#8221;left&#8221; background_image_as_pattern=&#8221;without_pattern&#8221;][vc_column][vc_empty_space height=&#8221;40px&#8221;][\/vc_column][\/vc_row][vc_row css_animation=&#8221;&#8221; row_type=&#8221;row&#8221; use_row_as_full_screen_section=&#8221;no&#8221; type=&#8221;grid&#8221; angled_section=&#8221;no&#8221; text_align=&#8221;left&#8221; background_image_as_pattern=&#8221;without_pattern&#8221; z_index=&#8221;&#8221;][vc_column width=&#8221;1\/4&#8243;][vc_single_image image=&#8221;6228&#8243; img_size=&#8221;full&#8221; alignment=&#8221;center&#8221; qode_css_animation=&#8221;&#8221;][\/vc_column][vc_column width=&#8221;3\/4&#8243;][vc_empty_space height=&#8221;80px&#8221;][vc_column_text]La investigaci\u00f3n y la pr\u00e1ctica com\u00fan muestran que el estr\u00e9s por calor tiene un efecto perjudicial en el bienestar, el rendimiento y la eficiencia de los equipos de trabajo.<\/p>\n<p>&nbsp;<\/p>\n<p>Para mantener al personal c\u00f3modo, efectivo y eficiente en su actividad, la ropa de trabajo M-CLIMA\u00ae utiliza un nivel preciso de flujo de aire convectivo turbulento y paneles de calefacci\u00f3n conductivos para mantener al individuo en un estado de confort perfectamente equilibrado.[\/vc_column_text][\/vc_column][\/vc_row][vc_row css_animation=&#8221;&#8221; row_type=&#8221;row&#8221; use_row_as_full_screen_section=&#8221;no&#8221; type=&#8221;full_width&#8221; angled_section=&#8221;no&#8221; text_align=&#8221;left&#8221; background_image_as_pattern=&#8221;without_pattern&#8221;][vc_column][vc_empty_space height=&#8221;40px&#8221;][\/vc_column][\/vc_row][vc_row css_animation=&#8221;&#8221; row_type=&#8221;row&#8221; use_row_as_full_screen_section=&#8221;no&#8221; type=&#8221;grid&#8221; angled_section=&#8221;no&#8221; text_align=&#8221;left&#8221; background_image_as_pattern=&#8221;without_pattern&#8221; z_index=&#8221;&#8221;][vc_column][vc_column_text]<\/p>\n<p style=\"color: #000; font-size: 150%; line-height: 155%; font-family: montserrat; text-align: center;\">Dise\u00f1ado para ser vers\u00e1til y satisfacer las necesidades de los equipos de trabajo en muchos sectores e industrias<\/p>\n<p>[\/vc_column_text][\/vc_column][\/vc_row][vc_row css_animation=&#8221;&#8221; row_type=&#8221;row&#8221; use_row_as_full_screen_section=&#8221;no&#8221; type=&#8221;full_width&#8221; angled_section=&#8221;no&#8221; text_align=&#8221;left&#8221; background_image_as_pattern=&#8221;without_pattern&#8221;][vc_column][vc_empty_space height=&#8221;40px&#8221;][\/vc_column][\/vc_row][vc_row css_animation=&#8221;&#8221; row_type=&#8221;row&#8221; use_row_as_full_screen_section=&#8221;no&#8221; type=&#8221;grid&#8221; angled_section=&#8221;no&#8221; text_align=&#8221;left&#8221; background_image_as_pattern=&#8221;without_pattern&#8221; z_index=&#8221;&#8221;][vc_column width=&#8221;1\/4&#8243;][vc_single_image image=&#8221;6298&#8243; img_size=&#8221;full&#8221; alignment=&#8221;center&#8221; qode_css_animation=&#8221;&#8221; css=&#8221;.vc_custom_1725619053894{padding-bottom: 20px !important;}&#8221;][vc_column_text]<\/p>\n<p style=\"color: #000; font-size: 150%; line-height: 155%; font-family: montserrat; text-align: center;\">Confort y bienestar<\/p>\n<p>M-CLIMA\u00ae Workwear mantiene al usuario en un estado equilibrado, libre de distracciones durante actividades industriales largas y laboriosas. Los sistemas M-CLIMA\u00ae tienen un dise\u00f1o minimalista para ser usados c\u00f3modamente como una capa intermedia.<\/p>\n<p>[\/vc_column_text][\/vc_column][vc_column width=&#8221;1\/4&#8243;][vc_single_image image=&#8221;6317&#8243; img_size=&#8221;full&#8221; alignment=&#8221;center&#8221; qode_css_animation=&#8221;&#8221; css=&#8221;.vc_custom_1725619892174{padding-bottom: 20px !important;}&#8221;][vc_column_text]<\/p>\n<p style=\"color: #000; font-size: 150%; line-height: 155%; font-family: montserrat; text-align: center;\">Ligereza<\/p>\n<p>M-CLIMA\u00ae Workwear est\u00e1 dise\u00f1ado para minimizar el peso y optimizar el confort ergon\u00f3mico y sensorial. Todas las telas utilizadas en M-CLIMA\u00ae Workwear proporcionan un alto nivel de transpirabilidad.[\/vc_column_text][\/vc_column][vc_column width=&#8221;1\/4&#8243;][vc_single_image image=&#8221;6302&#8243; img_size=&#8221;full&#8221; alignment=&#8221;center&#8221; qode_css_animation=&#8221;&#8221; css=&#8221;.vc_custom_1725619902946{padding-bottom: 20px !important;}&#8221;][vc_column_text]<\/p>\n<p style=\"color: #000; font-size: 150%; line-height: 155%; font-family: montserrat; text-align: center;\">Versatilidad<\/p>\n<p>Los sistemas M-CLIMA\u00ae Workwear est\u00e1n dise\u00f1ados para ofrecer funcionalidad tanto con cable como sin cable. La duraci\u00f3n de funcionamiento se puede extender con bater\u00edas recargables adicionales de ion de litio.[\/vc_column_text][\/vc_column][vc_column width=&#8221;1\/4&#8243;][vc_single_image image=&#8221;6311&#8243; img_size=&#8221;full&#8221; alignment=&#8221;center&#8221; qode_css_animation=&#8221;&#8221; css=&#8221;.vc_custom_1725619917928{padding-bottom: 20px !important;}&#8221;][vc_column_text]<\/p>\n<p style=\"color: #000; font-size: 150%; line-height: 155%; font-family: montserrat; text-align: center;\">Ahorro de energ\u00eda<\/p>\n<p>Reducci\u00f3n del costo energ\u00e9tico a trav\u00e9s de la gesti\u00f3n localizada del confort de los equipos de trabajo.<\/p>\n<p>[\/vc_column_text][\/vc_column][\/vc_row][vc_row css_animation=&#8221;&#8221; row_type=&#8221;row&#8221; use_row_as_full_screen_section=&#8221;no&#8221; type=&#8221;full_width&#8221; angled_section=&#8221;no&#8221; text_align=&#8221;left&#8221; background_image_as_pattern=&#8221;without_pattern&#8221;][vc_column][vc_empty_space height=&#8221;40px&#8221;][\/vc_column][\/vc_row][vc_row css_animation=&#8221;&#8221; row_type=&#8221;row&#8221; use_row_as_full_screen_section=&#8221;no&#8221; type=&#8221;grid&#8221; angled_section=&#8221;no&#8221; text_align=&#8221;left&#8221; background_image_as_pattern=&#8221;without_pattern&#8221; z_index=&#8221;&#8221;][vc_column width=&#8221;1\/4&#8243;][vc_single_image image=&#8221;6314&#8243; img_size=&#8221;full&#8221; alignment=&#8221;center&#8221; qode_css_animation=&#8221;&#8221; css=&#8221;.vc_custom_1725619931148{padding-bottom: 20px !important;}&#8221;][vc_column_text]<\/p>\n<p style=\"color: #000; font-size: 150%; line-height: 155%; font-family: montserrat; text-align: center;\">Mejor capacidad de concentraci\u00f3n y efectividad<\/p>\n<p>Un estado de confort equilibrado mejora el bienestar f\u00edsico y mental, reduce el estr\u00e9s y aumenta la concentraci\u00f3n en la actividad. Esto resulta en una mejor calidad, reduciendo los errores causados por la distracci\u00f3n del malestar.[\/vc_column_text][\/vc_column][vc_column width=&#8221;1\/4&#8243;][vc_single_image image=&#8221;6308&#8243; img_size=&#8221;full&#8221; alignment=&#8221;center&#8221; qode_css_animation=&#8221;&#8221; css=&#8221;.vc_custom_1725619940999{padding-bottom: 20px !important;}&#8221;][vc_column_text]<\/p>\n<p style=\"color: #000; font-size: 150%; line-height: 155%; font-family: montserrat; text-align: center;\">Mayor eficiencia<\/p>\n<p>Con M-CLIMA\u00ae Workwear, la eficiencia de los equipos de trabajo se incrementa al reducir la necesidad de pausas por confort. Adem\u00e1s, se pueden reducir los costos energ\u00e9ticos al localizar la gesti\u00f3n del confort.<\/p>\n<p>[\/vc_column_text][\/vc_column][vc_column width=&#8221;1\/4&#8243;][vc_single_image image=&#8221;6305&#8243; img_size=&#8221;full&#8221; alignment=&#8221;center&#8221; qode_css_animation=&#8221;&#8221; css=&#8221;.vc_custom_1725619952508{padding-bottom: 20px !important;}&#8221;][vc_column_text]<\/p>\n<p style=\"color: #000; font-size: 150%; line-height: 155%; font-family: montserrat; text-align: center;\">F\u00e1cil cuidado<\/p>\n<p>Los chalecos M-CLIMA\u00ae Workwear se pueden lavar a m\u00e1quina a 40 \u00b0C \/ 104 \u00b0F con un detergente suave y secar al aire.[\/vc_column_text][\/vc_column][vc_column width=&#8221;1\/4&#8243;][vc_single_image image=&#8221;6320&#8243; img_size=&#8221;full&#8221; alignment=&#8221;center&#8221; qode_css_animation=&#8221;&#8221; css=&#8221;.vc_custom_1725619962725{padding-bottom: 20px !important;}&#8221;][vc_column_text]<\/p>\n<p style=\"color: #000; font-size: 150%; line-height: 155%; font-family: montserrat; text-align: center;\">Control remoto<\/p>\n<p>F\u00e1cil de usar. Simplemente active o desactive el fr\u00edo o calor inmediato con el control remoto incluido.[\/vc_column_text][\/vc_column][\/vc_row][vc_row css_animation=&#8221;&#8221; row_type=&#8221;row&#8221; use_row_as_full_screen_section=&#8221;no&#8221; type=&#8221;full_width&#8221; angled_section=&#8221;no&#8221; text_align=&#8221;left&#8221; background_image_as_pattern=&#8221;without_pattern&#8221;][vc_column][vc_empty_space height=&#8221;60px&#8221;][\/vc_column][\/vc_row][vc_row css_animation=&#8221;&#8221; row_type=&#8221;row&#8221; use_row_as_full_screen_section=&#8221;no&#8221; type=&#8221;grid&#8221; angled_section=&#8221;no&#8221; text_align=&#8221;left&#8221; background_image_as_pattern=&#8221;without_pattern&#8221; css=&#8221;.vc_custom_1725450487597{padding-top: 30px !important;padding-bottom: 30px !important;background-color: #f7f6f4 !important;}&#8221; z_index=&#8221;&#8221;][vc_column width=&#8221;1\/4&#8243;][vc_single_image image=&#8221;6219&#8243; img_size=&#8221;medium&#8221; alignment=&#8221;right&#8221; qode_css_animation=&#8221;&#8221;][\/vc_column][vc_column width=&#8221;3\/4&#8243;][vc_empty_space height=&#8221;65px&#8221;][vc_column_text]<span style=\"font-size: 16px; line-height: 24px;\"><strong>MAT GROUP\u2122 gan\u00f3 el Premio World of Safety &amp; Health Asia Award 2024\u00a0 en la categor\u00eda de Seguridad y Salud por su tecnolog\u00eda M-CLIMA\u00ae Workwear<\/strong><\/span><\/p>\n<p>&nbsp;<\/p>\n<p><span style=\"font-size: 16px; line-height: 24px;\">Este premio destaca nuestra dedicaci\u00f3n a mejorar la seguridad y salud en el lugar de trabajo con soluciones innovadoras y subraya nuestro liderazgo en la industria con tecnolog\u00eda que tiene impacto real.<\/span>[\/vc_column_text][\/vc_column][\/vc_row][vc_row css_animation=&#8221;&#8221; row_type=&#8221;row&#8221; use_row_as_full_screen_section=&#8221;no&#8221; type=&#8221;full_width&#8221; angled_section=&#8221;no&#8221; text_align=&#8221;left&#8221; background_image_as_pattern=&#8221;without_pattern&#8221;][vc_column][vc_empty_space height=&#8221;40px&#8221;][\/vc_column][\/vc_row]<\/p>\n","protected":false},"excerpt":{"rendered":"<p>[vc_row css_animation=&#8221;&#8221; row_type=&#8221;row&#8221; use_row_as_full_screen_section=&#8221;no&#8221; type=&#8221;grid&#8221; angled_section=&#8221;no&#8221; text_align=&#8221;left&#8221; background_image_as_pattern=&#8221;without_pattern&#8221; css=&#8221;.vc_custom_1725519829230{margin-top: 5% !important;}&#8221; z_index=&#8221;&#8221;][vc_column][vc_column_text css=&#8221;.vc_custom_1725623178601{margin-bottom: 2% !important;}&#8221;] La soluci\u00f3n definitiva para la gesti\u00f3n personal del clima que reduce significativamente el estr\u00e9s por calor y proporciona un confort y capacidad de concentraci\u00f3n incomparables. [\/vc_column_text][vc_separator type=&#8221;small&#8221; position=&#8221;center&#8221; color=&#8221;#002732&#8243; thickness=&#8221;3&#8243;&#8230;<\/p>\n","protected":false},"author":1,"featured_media":0,"parent":0,"menu_order":0,"comment_status":"closed","ping_status":"closed","template":"full_width.php","meta":{"footnotes":""},"class_list":["post-6342","page","type-page","status-publish","hentry"],"aioseo_notices":[],"_links":{"self":[{"href":"https:\/\/matgroup.com\/index.php\/wp-json\/wp\/v2\/pages\/6342","targetHints":{"allow":["GET"]}}],"collection":[{"href":"https:\/\/matgroup.com\/index.php\/wp-json\/wp\/v2\/pages"}],"about":[{"href":"https:\/\/matgroup.com\/index.php\/wp-json\/wp\/v2\/types\/page"}],"author":[{"embeddable":true,"href":"https:\/\/matgroup.com\/index.php\/wp-json\/wp\/v2\/users\/1"}],"replies":[{"embeddable":true,"href":"https:\/\/matgroup.com\/index.php\/wp-json\/wp\/v2\/comments?post=6342"}],"version-history":[{"count":3,"href":"https:\/\/matgroup.com\/index.php\/wp-json\/wp\/v2\/pages\/6342\/revisions"}],"predecessor-version":[{"id":6346,"href":"https:\/\/matgroup.com\/index.php\/wp-json\/wp\/v2\/pages\/6342\/revisions\/6346"}],"wp:attachment":[{"href":"https:\/\/matgroup.com\/index.php\/wp-json\/wp\/v2\/media?parent=6342"}],"curies":[{"name":"wp","href":"https:\/\/api.w.org\/{rel}","templated":true}]}}